 w(v).
-4
Let v(l) = -l**3 - 3*l**2 + 3*l + 1. Let f = -16 + 10. Let r be 20/f + (-5)/(-15). Calculate v(r).
-8
Let c(q) = 3*q + 2. Let i(h) = -5*h + 4*h + 2*h. Let o(s) = c(s) - 4*i(s). Give o(3).
-1
Let g(z) = -z**3 - 3*z**2 + 3*z - 3. Suppose 0 = 5*l - 3*l + 8. Give g(l).
1
Let v(t) = 2 + 5 + 289*t**2 + t**3 - 2*t - 285*t**2. What is v(-5)?
-8
Let x = -9449/24 - -394. Let m(d) be the third derivative of 1/60*d**5 + 2*d**2 + 0*d + 0 + 2/3*d**3 - x*d**4. What is m(6)?
-2
Let i(t) = 6*t - 5*t + 2*t. Suppose -6 = 3*o - 0. Give i(o).
-6
Let n(w) = w**2 - 6*w - 2. Suppose -3 = -3*r, 0 = -3*l + r + 3*r + 11. What is n(l)?
-7
Let r(h) be the second derivative of h**3/6 + h**2 + 21*h. What is r(5)?
7
Let y(h) be the first derivative of 13*h**2/2 + h + 8. Determine y(-1).
-12
Let m(d) = d - 1. Suppose -7*v + 3*v = 28. Let l be (-2)/(-7) + 37/v. Calculate m(l).
-6
Let k(o) = -4*o + 3. Let d(y) = 2*y - 15. Let l be d(6). Calculate k(l).
15
Let s(n) = -2 + 42*n**2 + 41*n**2 - 81*n**2. Give s(-2).
6
Let r(t) be the second derivative of t**5/120 + t**3/6 + t. Let o(y) be the second derivative of r(y). Let d be (-3 + -1)/2 + 2. Give o(d).
0
Suppose 7 = -2*v + 3. Let a(f) = 5*f**2 + 4*f + 2. Determine a(v).
14
Let c(q) be the third derivative of -q**5/60 - q**4/3 - q**3/3 + 33*q**2. Determine c(-3).
13
Let m(n) = 1 - 17*n - 2 - 6*n**2 + 17*n. Determine m(-1).
-7
Let z(g) be the first derivative of g**5/20 - 5*g**4/12 - g**3/3 + g - 1. Let h(w) be the first derivative of z(w). Give h(5).
-10
Suppose 7 - 3 = 4*i - 2*o, -14 = 2*i - 5*o. Let s(p) be the third derivative of 0 - 1/30*p**5 + 0*p + 1/120*p**6 + 2*p**2 - 1/24*p**4 + 1/6*p**3. Give s(i).
7
Let q(f) = f**3 - 4*f**2 - 2*f + 6. Let v be q(4). Suppose -4*d - 2 = -14. Let b(t) = -3*t - t - d + 1 + 3*t. Calculate b(v).
0
Let f(l) be the second derivative of -l**5/20 + l**4/12 + l**3/6 + l**2/2 - 43*l. Give f(3).
-14
Let k(j) = 2*j**2 - 2*j + 8. Let s be -4 + 4 - (-14)/2. Let h(r) = -2*r**2 + 2*r - 7. Let o(q) = s*h(q) + 6*k(q). Let f be 9 - 5 - (-1 + 3). Determine o(f).
-5
Let g = 11 + -8. Let i(p) = 3*p + 0 - g - 2*p. Suppose -2*x - 5 = -3*x. Determine i(x).
2
Let q(a) = a - 1. Let r(j) = -j**2 - 10*j + 1. Let l be r(-10). Calculate q(l).
0
Suppose 0 = -2*k - 3*d + 1, 4 = -2*k - 2*d. Let t(g) = -g**3 - 6*g**2 + 7*g. Determine t(k).
0
Let m(k) = -k**3 - 2*k**2 + 2*k. Suppose l + 10 = 25. Let q be (-5)/l*3*-2. Give m(q).
-12
Let n(d) = -d + 2. Let o(i) = -i + 1. Let j(q) = 3*n(q) - 4*o(q). Give j(-4).
-2
Let d(w) be the first derivative of -w**3/3 + 2*w**2 + 5*w - 1. What is d(6)?
-7
Let b(a) = -a**3 + 2*a**2 + a. Let g(i) = -i**2 - 6*i + 3. Let r be 3*((-1)/1 - -2). Let j be -6 - (3/r + -1). Let m be g(j). What is b(m)?
-6
Let w(i) be the third derivative of -i**6/120 + i**5/60 - i**4/24 + i**3 - 4*i**2. Calculate w(0).
6
Let h be 0*(1 - (-2)/(-4)). Let z = 13 + -12. Let i(r) = z + h - r + 5*r + 5*r. Calculate i(-1).
-8
Let s(o) = o - 8. Let j be s(7). Let m(a) = -a**3 + a**2 + a. Let u(d) = d**3 - 2*d**2 - 3*d - 1. Let f(h) = j*u(h) - 2*m(h). What is f(0)?
1
Let b(s) = -s - 4. Suppose 0*o - 2*o = 0. Suppose -5*v - 6 - 9 = o. Let y be 1 + v - (1 + 0). What is b(y)?
-1
Let m = 6 + -2. Let c(j) = -j**3 + 4*j**2 - 4*j + 1. Calculate c(m).
-15
Suppose 3*k - 8 = -2*f, 3*k - 3*f = -k - 12. Let l(q) = q**2 - q + 5. What is l(k)?
5
Suppose -2*l - 3*l = -4*o - 28, 2*l - 2 = -3*o. Let s(p) be the third derivative of p**4/6 - p**2. Determine s(o).
-8
Let w(m) = m**2 - 3*m - 2. Let f(i) = i. Let b be f(3). Let z(o) = 2*o**2 - 2*o + 2. Let s be z(3). Suppose 3*p = -0*p - x + s, -3*x + b = -4*p. Calculate w(p).
-2
Let c be 4/(-14) - 6/(-21). Let i(b) = b - 22. Let n(d) = d - 26. Let u(g) = 5*i(g) - 4*n(g). Calculate u(c).
-6
Let i(t) be the second derivative of t**5/20 + 5*t**4/12 + 5*t**3/6 + 3*t**2 - 6*t. Let y be i(-4). Let u(v) = v**3 - 5*v**2 + 2*v + 1. Calculate u(y).
-7
Let f = 38 + -25. Let x(y) = -15*y**2 + 7*y. Let i(k) = -7*k**2 + 3*k. Let q(c) = f*i(c) - 6*x(c). Give q(-2).
2
Let j(m) = 6*m - 1. Let z(s) = s. Let d(g) = -j(g) + 5*z(g). Let o be 102/48 - 3*1/24. Determine d(o).
-1
Suppose -3*n + 2*l = -2 + 1, -5 = -3*n + l. Let h(m) = -m**3 + 2*m**2 + 4*m + 1. Give h(n).
4
Let c(g) be the second derivative of -g**4/6 + 2*g**3/3 - g**2 + 12*g. What is c(2)?
-2
Let w(o) = -6*o**2 + 1983 - 1983. Let a = -3 + 8. Suppose 8*u - 3*u = a. What is w(u)?
-6
Let g(j) be the third derivative of -j**8/20160 - j**7/1260 - j**6/720 + j**5/60 + 2*j**2. Let k(n) be the third derivative of g(n). What is k(-5)?
-6
Suppose 2*j = 4*t - 32, 2*t + 13 = -5*j - 7. Let h(f) = f**2 + 8*f + 9. Determine h(j).
-3
Let o(p) = p + 2. Suppose -4*k + 5*j = -7*k + 32, -3*k = 3*j - 24. Give o(k).
6
Suppose -9 - 3 = -3*i. Let o(h) = -7*h**3 + 8*h**2 - 3*h + 11. Let v(w) = 3*w**3 - 4*w**2 + w - 5. Let p(r) = -2*o(r) - 5*v(r). What is p(i)?
7
Let w(c) be the third derivative of 0*c + 0*c**4 + 1/12*c**5 + 0 + 0*c**3 + c**2. What is w(-1)?
5
Let i(v) = -17*v**2 - 20*v**2 + 39*v**2 - 1 - v**3. Give i(3).
-10
Let x(v) be the third derivative of -v**6/360 - v**5/20 - v**4/8 + v**3/2 + 3*v**2. Let s(m) be the first derivative of x(m). Calculate s(-3).
6
Let w(s) = s - 2. Let k(o) = -o + 1. Let u(x) = -3*k(x) - 4*w(x). Calculate u(7).
-2
Let n(w) = -w**3 - 5*w**2 - 4*w. Let f be -1 + (0 - -1) + -3. Determine n(f).
-6
Let r(s) = 2*s**2 + 17*s + 20. Let j(t) be the third derivative of 1/60*t**5 - 2*t**2 + 7/6*t**3 + 1/4*t**4 + 0 + 0*t. Let v(y) = 8*j(y) - 3*r(y). Give v(3).
5
Let b be (0 - -3) + -6 - 2. Let a be (-13)/b - 6/10. Suppose v = a + 1. Let i(g) = -g**2 + 3*g - 4. Calculate i(v).
-4
Let m(v) = -v**3 - 4*v**2 + 2*v - 5. Let s(j) = j + 5. Let d be s(-10). Determine m(d).
10
Let g be 15*2/6 - 3. Let c(y) = y**3 - 5*y**2 + 2*y - 1. Calculate c(g).
-9
Suppose -5*o = k + 19, -3*k + 1 + 10 = -2*o. Let n(g) = 4*g - 22. Let r(p) = p - 7. Let a = 1 - -1. Let c(t) = a*n(t) - 7*r(t). What is c(o)?
1
Let f(t) be the third derivative of -t**7/1260 + t**6/240 - t**5/60 - t**4/6 + 2*t**2. Let i(z) be the second derivative of f(z). What is i(3)?
-11
Suppose -3*v + 37 = 3*d + d, 0 = -d - 3*v + 16. Let k = -28 - -31. Let c(n) = 2*n + d + k - 5. Calculate c(-4).
-3
Let d(r) = 2*r + 0 - 3*r - 6. Let w(y) = -y**3 + 6*y**2 + 6*y + 7. Let k be w(7). Calculate d(k).
-6
Let y(r) be the second derivative of r**5/60 + r**4/24 + r**3/3 + 4*r. Let a(g) be the second derivative of y(g). Calculate a(2).
5
Let v(n) = -7*n - 3. Suppose 5*y - 3 = -13. Give v(y).
11
Let k(x) = 9*x + 15. Let p(m) = -1. Let j(g) = 13*g + 27. Let o(r) = -j(r) - 5*p(r). Let y(v) = 7*k(v) + 5*o(v). Determine y(-6).
7
Let j(q) be the first derivative of q**3/3 + q**2 - 31. Let i = 2 - 0. Calculate j(i).
8
Let d(v) = -v**3 - 3*v**2 - 2*v - 1. Let j be d(-3). Let q(p) be the third derivative of 0 + 0*p - 7/6*p**3 + 1/24*p**4 - p**2 + 1/60*p**j. Determine q(0).
-7
Let g(m) = -m + 1. Let v be g(5). Let h(r) = -3*r + 2. Let i(a) = 3*a - 1. Let d(w) = 6*h(w) + 7*i(w). Determine d(v).
-7
Let b be (60/(-6))/(-20)*-12*1. Let t(s) = s + 5. Let f(y) = -y - 4. Let j(l) = -5*f(l) - 4*t(l). Give j(b).
-6
Let c(p) = -p + 2. Let t = -21 - -17. Let x be ((-6)/8)/(1/t). Determine c(x).
-1
Let b = 243 - 238. Let y(v) = -v + 11. Let p(t) = 1. Let a(x) = -4*p(x) + y(x). What is a(b)?
2
Let u(q) = -21 + 6*q + 13 + 0*q**2 + q**2. Determine u(-8).
8
Let k(r) be the third derivative of r**6/120 - r**5/10 + r**4/4 - 2*r**3/3 + 2*r**2. Give k(5).
1
Let g = -4 + 8. Let t be (6/g)/((-6)/8). Let o(r) be the first derivative of -r**3/3 - r**2/2 - r + 1. Give o(t).
-3
Let f(s) = s**2 + 6*s + 3. Let d be f(-3). Let i be (-3)/(1/(d/9)). Let m(b) = b - 4 + 0*b**2 + 5*b**i + 0*b**2 + b**3. Give m(-4).
8
Let x(v) = -v**2 + v - 6. Let w be (-4)/6*-3 - 0. Suppose a = 4*d, 2*d - 5*a = -w*d. Determine x(d).
-6
Let p be 1 + -1 - (-3 - -5). Let d(c) = c + 12. Let r(s) = -5*s - 61. Let z(b) = p*r(b) - 11*d(b). What is z(-6)?
-4
Let u(w) = 0*w - 4 + 3 - w + 4. Give u(-4).
7
Let c(t) be the first derivative of -1/3*t**3 + 3*t - 1 + 3/2*t**2. Give c(4).
-1
Let w(b) = 3*b**3 + 9*b**2 - 3*b - 4. Let t(s) = 2*s**3 + 6*s**2 - 2*s - 3. Let o(i) = 7*t(i) - 5*w(i). Let n be (-1)/(((-2)/(-6))/1). Give o(n).
-4
Let c(y) = -2*y. Suppose 2 = -2*x + 5*z, -4